{"id":2,"date":"2020-01-20T11:52:19","date_gmt":"2020-01-20T10:52:19","guid":{"rendered":"http:\/\/aux-gouts-des-saisons.fr\/InstallSite\/?page_id=2"},"modified":"2020-08-29T23:16:22","modified_gmt":"2020-08-29T21:16:22","slug":"a-propos-de-moi","status":"publish","type":"page","link":"https:\/\/aux-gouts-des-saisons.fr\/index.php\/a-propos-de-moi\/","title":{"rendered":"A propos de moi"},"content":{"rendered":"\n<hr class=\"wp-block-separator\"\/>\n\n\n\n<p>Cyril d\u00e9bute dans la restauration \u00e0 l&rsquo;\u00e2ge de 15 ans en apprentissage cuisine. <\/p>\n\n\n\n<p>Il acquiert une exp\u00e9rience enrichissante \u00e0 travers plusieurs restaurants :<\/p>\n\n\n\n<ul class=\"wp-block-list\"><li>Auberge du Noiron \u00e0 la Roche sur Yon (85)<\/li><li>Hotel de la plage \u00e0 Notre Dame de Mont (85) <\/li><li>Le Golf \u00e0 Saint-Jean-de-Mont (85)<\/li><li>La Phare Ouest \u00e0 Sainte Gemme la Plaine (85)<\/li><\/ul>\n\n\n\n<p>Mais aussi de son propre restaurant :<\/p>\n\n\n\n<ul class=\"wp-block-list\"><li>Le Palais \u00e0 Rochefort sur Mer (17)<\/li><\/ul>\n\n\n\n<p>Il d\u00e9cide \u00e0 pr\u00e9sent de mettre \u00e0 votre service son savoir faire.<\/p>\n\n\n\n<blockquote class=\"wp-block-quote is-layout-flow wp-block-quote-is-layout-flow\"><p>Cuisiner est pour moi un moment de plaisir, o\u00f9 je peux, \u00e0 partir de bases simples, innover en permanence. Pour moi la cuisine est celle du c\u0153ur, que l&rsquo;on partage, la cuisine gourmande.<\/p><p>J&rsquo;invente et revisite des recettes, j&rsquo;aime la cr\u00e9ativit\u00e9. Mes recettes, vous le verrez, sont assez simples avec des saveurs et du go\u00fbt.<\/p><p>Pour cela ma cuisine est \u00e9labor\u00e9e \u00e0 partir de produits authentiques, que je transforme pour vous les faire partager autour d&rsquo;une table en toute convivialit\u00e9.<\/p><\/blockquote>\n\n\n\n<h4 class=\"wp-block-heading\">Mon objectif<\/h4>\n\n\n\n<blockquote class=\"wp-block-quote is-layout-flow wp-block-quote-is-layout-flow\"><p>Faire connaitre ma cuisine \u00e0 travers des manifestations, des rencontres, des \u00e9changes.<\/p><p>Ne dit-on pas que le bonheur est dans l&rsquo;assiette !&#8230;<\/p><\/blockquote>\n\n\n\n<p><\/p>\n","protected":false},"excerpt":{"rendered":"<p>Cyril d\u00e9bute dans la restauration \u00e0 l&rsquo;\u00e2ge de 15 ans en apprentissage cuisine. Il acquiert une exp\u00e9rience enrichissante \u00e0 travers plusieurs restaurants : Auberge du Noiron \u00e0 la Roche sur Yon (85) Hotel de la plage \u00e0 Notre Dame de Mont (85) Le Golf \u00e0 Saint-Jean-de-Mont (85) La Phare Ouest \u00e0 Sainte Gemme la Plaine (85) Mais aussi de son propre restaurant : Le Palais \u00e0 Rochefort sur Mer (17) Il d\u00e9cide \u00e0 pr\u00e9sent de mettre \u00e0 votre service son savoir faire. Cuisiner est pour moi un moment de plaisir, o\u00f9 je peux, \u00e0 partir de bases simples, innover en permanence. Pour moi la cuisine est celle du c\u0153ur, que l&rsquo;on partage, la cuisine gourmande. J&rsquo;invente et revisite des recettes, j&rsquo;aime la cr\u00e9ativit\u00e9. Mes recettes, vous le verrez, sont assez simples avec des saveurs et du go\u00fbt. Pour cela ma cuisine est \u00e9labor\u00e9e \u00e0 partir de produits authentiques, que je transforme pour vous les faire partager autour d&rsquo;une table en toute convivialit\u00e9. Mon objectif Faire connaitre ma cuisine \u00e0 travers des manifestations, des rencontres, des \u00e9changes. Ne dit-on pas que le bonheur est dans l&rsquo;assiette !&#8230;<\/p>\n","protected":false},"author":1,"featured_media":0,"parent":0,"menu_order":0,"comment_status":"closed","ping_status":"open","template":"","meta":{"_themeisle_gutenberg_block_has_review":false,"footnotes":""},"class_list":["post-2","page","type-page","status-publish","hentry"],"yoast_head":"<!-- This site is optimized with the Yoast SEO plugin v22.5 - https:\/\/yoast.com\/wordpress\/plugins\/seo\/ -->\n<title>A propos de moi - Aux Go\u00fbts Des Saisons<\/title>\n<meta name=\"robots\" content=\"index, follow, max-snippet:-1, max-image-preview:large, max-video-preview:-1\" \/>\n<link rel=\"canonical\" href=\"https:\/\/aux-gouts-des-saisons.fr\/index.php\/a-propos-de-moi\/\" \/>\n<meta property=\"og:locale\" content=\"fr_FR\" \/>\n<meta property=\"og:type\" content=\"article\" \/>\n<meta property=\"og:title\" content=\"A propos de moi - Aux Go\u00fbts Des Saisons\" \/>\n<meta property=\"og:description\" content=\"Cyril d\u00e9bute dans la restauration \u00e0 l&rsquo;\u00e2ge de 15 ans en apprentissage cuisine. Il acquiert une exp\u00e9rience enrichissante \u00e0 travers plusieurs restaurants : Auberge du Noiron \u00e0 la Roche sur Yon (85) Hotel de la plage \u00e0 Notre Dame de Mont (85) Le Golf \u00e0 Saint-Jean-de-Mont (85) La Phare Ouest \u00e0 Sainte Gemme la Plaine (85) Mais aussi de son propre restaurant : Le Palais \u00e0 Rochefort sur Mer (17) Il d\u00e9cide \u00e0 pr\u00e9sent de mettre \u00e0 votre service son savoir faire. Cuisiner est pour moi un moment de plaisir, o\u00f9 je peux, \u00e0 partir de bases simples, innover en permanence. Pour moi la cuisine est celle du c\u0153ur, que l&rsquo;on partage, la cuisine gourmande. J&rsquo;invente et revisite des recettes, j&rsquo;aime la cr\u00e9ativit\u00e9. Mes recettes, vous le verrez, sont assez simples avec des saveurs et du go\u00fbt. Pour cela ma cuisine est \u00e9labor\u00e9e \u00e0 partir de produits authentiques, que je transforme pour vous les faire partager autour d&rsquo;une table en toute convivialit\u00e9. Mon objectif Faire connaitre ma cuisine \u00e0 travers des manifestations, des rencontres, des \u00e9changes. Ne dit-on pas que le bonheur est dans l&rsquo;assiette !&#8230;\" \/>\n<meta property=\"og:url\" content=\"https:\/\/aux-gouts-des-saisons.fr\/index.php\/a-propos-de-moi\/\" \/>\n<meta property=\"og:site_name\" content=\"Aux Go\u00fbts Des Saisons\" \/>\n<meta property=\"article:publisher\" content=\"https:\/\/www.facebook.com\/profile.php?id=100049409084156\" \/>\n<meta property=\"article:modified_time\" content=\"2020-08-29T21:16:22+00:00\" \/>\n<meta name=\"twitter:card\" content=\"summary_large_image\" \/>\n<meta name=\"twitter:label1\" content=\"Dur\u00e9e de lecture estim\u00e9e\" \/>\n\t<meta name=\"twitter:data1\" content=\"1 minute\" \/>\n<script type=\"application\/ld+json\" class=\"yoast-schema-graph\">{\"@context\":\"https:\/\/schema.org\",\"@graph\":[{\"@type\":\"WebPage\",\"@id\":\"https:\/\/aux-gouts-des-saisons.fr\/index.php\/a-propos-de-moi\/\",\"url\":\"https:\/\/aux-gouts-des-saisons.fr\/index.php\/a-propos-de-moi\/\",\"name\":\"A propos de moi - Aux Go\u00fbts Des Saisons\",\"isPartOf\":{\"@id\":\"https:\/\/aux-gouts-des-saisons.fr\/#website\"},\"datePublished\":\"2020-01-20T10:52:19+00:00\",\"dateModified\":\"2020-08-29T21:16:22+00:00\",\"breadcrumb\":{\"@id\":\"https:\/\/aux-gouts-des-saisons.fr\/index.php\/a-propos-de-moi\/#breadcrumb\"},\"inLanguage\":\"fr-FR\",\"potentialAction\":[{\"@type\":\"ReadAction\",\"target\":[\"https:\/\/aux-gouts-des-saisons.fr\/index.php\/a-propos-de-moi\/\"]}]},{\"@type\":\"BreadcrumbList\",\"@id\":\"https:\/\/aux-gouts-des-saisons.fr\/index.php\/a-propos-de-moi\/#breadcrumb\",\"itemListElement\":[{\"@type\":\"ListItem\",\"position\":1,\"name\":\"Accueil\",\"item\":\"https:\/\/aux-gouts-des-saisons.fr\/\"},{\"@type\":\"ListItem\",\"position\":2,\"name\":\"A propos de moi\"}]},{\"@type\":\"WebSite\",\"@id\":\"https:\/\/aux-gouts-des-saisons.fr\/#website\",\"url\":\"https:\/\/aux-gouts-des-saisons.fr\/\",\"name\":\"Aux Go\u00fbts Des Saisons\",\"description\":\"\",\"publisher\":{\"@id\":\"https:\/\/aux-gouts-des-saisons.fr\/#organization\"},\"potentialAction\":[{\"@type\":\"SearchAction\",\"target\":{\"@type\":\"EntryPoint\",\"urlTemplate\":\"https:\/\/aux-gouts-des-saisons.fr\/?s={search_term_string}\"},\"query-input\":\"required name=search_term_string\"}],\"inLanguage\":\"fr-FR\"},{\"@type\":\"Organization\",\"@id\":\"https:\/\/aux-gouts-des-saisons.fr\/#organization\",\"name\":\"Aux Go\u00fbts Des Saisons\",\"url\":\"https:\/\/aux-gouts-des-saisons.fr\/\",\"logo\":{\"@type\":\"ImageObject\",\"inLanguage\":\"fr-FR\",\"@id\":\"https:\/\/aux-gouts-des-saisons.fr\/#\/schema\/logo\/image\/\",\"url\":\"http:\/\/aux-gouts-des-saisons.fr\/wp-content\/uploads\/2020\/02\/Logo-Cyril-Final.png\",\"contentUrl\":\"http:\/\/aux-gouts-des-saisons.fr\/wp-content\/uploads\/2020\/02\/Logo-Cyril-Final.png\",\"width\":1194,\"height\":1106,\"caption\":\"Aux Go\u00fbts Des Saisons\"},\"image\":{\"@id\":\"https:\/\/aux-gouts-des-saisons.fr\/#\/schema\/logo\/image\/\"},\"sameAs\":[\"https:\/\/www.facebook.com\/profile.php?id=100049409084156\"]}]}<\/script>\n<!-- \/ Yoast SEO plugin. -->","yoast_head_json":{"title":"A propos de moi - Aux Go\u00fbts Des Saisons","robots":{"index":"index","follow":"follow","max-snippet":"max-snippet:-1","max-image-preview":"max-image-preview:large","max-video-preview":"max-video-preview:-1"},"canonical":"https:\/\/aux-gouts-des-saisons.fr\/index.php\/a-propos-de-moi\/","og_locale":"fr_FR","og_type":"article","og_title":"A propos de moi - Aux Go\u00fbts Des Saisons","og_description":"Cyril d\u00e9bute dans la restauration \u00e0 l&rsquo;\u00e2ge de 15 ans en apprentissage cuisine. Il acquiert une exp\u00e9rience enrichissante \u00e0 travers plusieurs restaurants : Auberge du Noiron \u00e0 la Roche sur Yon (85) Hotel de la plage \u00e0 Notre Dame de Mont (85) Le Golf \u00e0 Saint-Jean-de-Mont (85) La Phare Ouest \u00e0 Sainte Gemme la Plaine (85) Mais aussi de son propre restaurant : Le Palais \u00e0 Rochefort sur Mer (17) Il d\u00e9cide \u00e0 pr\u00e9sent de mettre \u00e0 votre service son savoir faire. Cuisiner est pour moi un moment de plaisir, o\u00f9 je peux, \u00e0 partir de bases simples, innover en permanence. Pour moi la cuisine est celle du c\u0153ur, que l&rsquo;on partage, la cuisine gourmande. J&rsquo;invente et revisite des recettes, j&rsquo;aime la cr\u00e9ativit\u00e9. Mes recettes, vous le verrez, sont assez simples avec des saveurs et du go\u00fbt. Pour cela ma cuisine est \u00e9labor\u00e9e \u00e0 partir de produits authentiques, que je transforme pour vous les faire partager autour d&rsquo;une table en toute convivialit\u00e9. Mon objectif Faire connaitre ma cuisine \u00e0 travers des manifestations, des rencontres, des \u00e9changes. Ne dit-on pas que le bonheur est dans l&rsquo;assiette !&#8230;","og_url":"https:\/\/aux-gouts-des-saisons.fr\/index.php\/a-propos-de-moi\/","og_site_name":"Aux Go\u00fbts Des Saisons","article_publisher":"https:\/\/www.facebook.com\/profile.php?id=100049409084156","article_modified_time":"2020-08-29T21:16:22+00:00","twitter_card":"summary_large_image","twitter_misc":{"Dur\u00e9e de lecture estim\u00e9e":"1 minute"},"schema":{"@context":"https:\/\/schema.org","@graph":[{"@type":"WebPage","@id":"https:\/\/aux-gouts-des-saisons.fr\/index.php\/a-propos-de-moi\/","url":"https:\/\/aux-gouts-des-saisons.fr\/index.php\/a-propos-de-moi\/","name":"A propos de moi - Aux Go\u00fbts Des Saisons","isPartOf":{"@id":"https:\/\/aux-gouts-des-saisons.fr\/#website"},"datePublished":"2020-01-20T10:52:19+00:00","dateModified":"2020-08-29T21:16:22+00:00","breadcrumb":{"@id":"https:\/\/aux-gouts-des-saisons.fr\/index.php\/a-propos-de-moi\/#breadcrumb"},"inLanguage":"fr-FR","potentialAction":[{"@type":"ReadAction","target":["https:\/\/aux-gouts-des-saisons.fr\/index.php\/a-propos-de-moi\/"]}]},{"@type":"BreadcrumbList","@id":"https:\/\/aux-gouts-des-saisons.fr\/index.php\/a-propos-de-moi\/#breadcrumb","itemListElement":[{"@type":"ListItem","position":1,"name":"Accueil","item":"https:\/\/aux-gouts-des-saisons.fr\/"},{"@type":"ListItem","position":2,"name":"A propos de moi"}]},{"@type":"WebSite","@id":"https:\/\/aux-gouts-des-saisons.fr\/#website","url":"https:\/\/aux-gouts-des-saisons.fr\/","name":"Aux Go\u00fbts Des Saisons","description":"","publisher":{"@id":"https:\/\/aux-gouts-des-saisons.fr\/#organization"},"potentialAction":[{"@type":"SearchAction","target":{"@type":"EntryPoint","urlTemplate":"https:\/\/aux-gouts-des-saisons.fr\/?s={search_term_string}"},"query-input":"required name=search_term_string"}],"inLanguage":"fr-FR"},{"@type":"Organization","@id":"https:\/\/aux-gouts-des-saisons.fr\/#organization","name":"Aux Go\u00fbts Des Saisons","url":"https:\/\/aux-gouts-des-saisons.fr\/","logo":{"@type":"ImageObject","inLanguage":"fr-FR","@id":"https:\/\/aux-gouts-des-saisons.fr\/#\/schema\/logo\/image\/","url":"http:\/\/aux-gouts-des-saisons.fr\/wp-content\/uploads\/2020\/02\/Logo-Cyril-Final.png","contentUrl":"http:\/\/aux-gouts-des-saisons.fr\/wp-content\/uploads\/2020\/02\/Logo-Cyril-Final.png","width":1194,"height":1106,"caption":"Aux Go\u00fbts Des Saisons"},"image":{"@id":"https:\/\/aux-gouts-des-saisons.fr\/#\/schema\/logo\/image\/"},"sameAs":["https:\/\/www.facebook.com\/profile.php?id=100049409084156"]}]}},"_links":{"self":[{"href":"https:\/\/aux-gouts-des-saisons.fr\/index.php\/wp-json\/wp\/v2\/pages\/2","targetHints":{"allow":["GET"]}}],"collection":[{"href":"https:\/\/aux-gouts-des-saisons.fr\/index.php\/wp-json\/wp\/v2\/pages"}],"about":[{"href":"https:\/\/aux-gouts-des-saisons.fr\/index.php\/wp-json\/wp\/v2\/types\/page"}],"author":[{"embeddable":true,"href":"https:\/\/aux-gouts-des-saisons.fr\/index.php\/wp-json\/wp\/v2\/users\/1"}],"replies":[{"embeddable":true,"href":"https:\/\/aux-gouts-des-saisons.fr\/index.php\/wp-json\/wp\/v2\/comments?post=2"}],"version-history":[{"count":15,"href":"https:\/\/aux-gouts-des-saisons.fr\/index.php\/wp-json\/wp\/v2\/pages\/2\/revisions"}],"predecessor-version":[{"id":892,"href":"https:\/\/aux-gouts-des-saisons.fr\/index.php\/wp-json\/wp\/v2\/pages\/2\/revisions\/892"}],"wp:attachment":[{"href":"https:\/\/aux-gouts-des-saisons.fr\/index.php\/wp-json\/wp\/v2\/media?parent=2"}],"curies":[{"name":"wp","href":"https:\/\/api.w.org\/{rel}","templated":true}]}}